ommon divisor of 234 and 26?
26
Calculate the highest common factor of 30 and 24.
6
Calculate the greatest common divisor of 6 and 24.
6
Calculate the greatest common factor of 418 and 110.
22
What is the highest common divisor of 898 and 2?
2
What is the highest common factor of 2970 and 60?
30
Calculate the highest common factor of 255 and 4165.
85
What is the highest common divisor of 198 and 5313?
33
What is the greatest common factor of 324 and 2754?
162
Calculate the greatest common divisor of 6232 and 738.
82
Calculate the highest common factor of 5175 and 2475.
225
Calculate the greatest common divisor of 2266 and 1100.
22
Calculate the greatest common factor of 632 and 8.
8
What is the greatest common factor of 801 and 56337?
267
Calculate the greatest common factor of 148 and 12.
4
What is the greatest common factor of 308 and 88?
44
Calculate the greatest common factor of 268 and 8.
4
Calculate the highest common divisor of 616 and 55.
11
Calculate the highest common divisor of 1085 and 35.
35
What is the highest common divisor of 5840 and 80?
80
What is the highest common factor of 342 and 18?
18
What is the highest common factor of 2 and 10?
2
Calculate the greatest common divisor of 100 and 460.
20
Calculate the highest common divisor of 81 and 9.
9
What is the highest common divisor of 7 and 1855?
7
What is the greatest common divisor of 8 and 92?
4
Calculate the highest common divisor of 1598 and 94.
94
What is the greatest common divisor of 13608 and 36?
36
What is the greatest common divisor of 98 and 413?
7
What is the greatest common divisor of 29 and 464?
29
What is the greatest common divisor of 1025 and 41?
41
What is the greatest common factor of 126 and 702?
18
What is the greatest common factor of 22842 and 282?
282
What is the greatest common factor of 152 and 57?
19
What is the greatest common factor of 69 and 23?
23
What is the highest common factor of 12 and 114?
6
What is the highest common factor of 55 and 10?
5
What is the greatest common divisor of 21 and 64281?
21
Calculate the highest common factor of 18688 and 256.
256
What is the highest common divisor of 8 and 128?
8
What is the greatest common factor of 96 and 60?
12
Calculate the greatest common divisor of 1900 and 76.
76
What is the highest common factor of 44 and 242?
22
What is the highest common factor of 81 and 10368?
81
What is the highest common divisor of 44 and 28?
4
What is the highest common divisor of 57876 and 212?
212
What is the greatest common factor of 11 and 1606?
11
Calculate the greatest common factor of 600 and 72.
24
What is the greatest common factor of 2673 and 99?
99
What is the greatest common divisor of 1479 and 102?
51
Calculate the highest common divisor of 40 and 50.
10
What is the greatest common factor of 140 and 20?
20
Calculate the highest common divisor of 459 and 799.
17
Calculate the greatest common divisor of 2135 and 245.
35
Calculate the greatest common divisor of 91 and 7553.
91
What is the highest common factor of 260 and 270?
10
Calculate the highest common factor of 7026 and 6.
6
Calculate the greatest common factor of 154 and 22.
22
Calculate the highest common factor of 255 and 45.
15
What is the greatest common factor of 231 and 561?
33
What is the highest common factor of 29 and 3?
1
Calculate the greatest common factor of 51 and 9.
3
Calculate the highest common factor of 224 and 12.
4
Calculate the greatest common factor of 12078 and 594.
198
Calculate the highest common divisor of 784 and 128.
16
Calculate the greatest common divisor of 78580 and 20.
20
What is the greatest common factor of 154 and 77?
77
What is the greatest common divisor of 2960 and 1160?
40
Calculate the highest common divisor of 23790 and 260.
130
What is the greatest common factor of 119 and 3451?
119
Calculate the highest common divisor of 60 and 10.
10
What is the greatest common divisor of 21 and 57?
3
What is the greatest common divisor of 3264 and 153?
51
Calculate the greatest common divisor of 2702 and 28.
14
What is the highest common divisor of 62 and 7440?
62
Calculate the greatest common factor of 51 and 459.
51
What is the greatest common factor of 49 and 7?
7
What is the highest common factor of 5301 and 38?
19
Calculate the highest common factor of 44 and 143.
11
Calculate the highest common factor of 39 and 377.
13
Calculate the greatest common divisor of 108 and 3375.
27
What is the greatest common divisor of 127 and 508?
127
Calculate the highest common divisor of 1760 and 385.
55
What is the highest common divisor of 11 and 1771?
11
Calculate the highest common divisor of 2 and 31.
1
Calculate the greatest common divisor of 2548 and 104.
52
Calculate the highest common divisor of 20 and 2760.
20
What is the greatest common divisor of 256 and 16?
16
What is the highest common factor of 1600 and 30?
10
Calculate the greatest common divisor of 9570 and 145.
145
What is the greatest common divisor of 11 and 1133?
11
What is the highest common factor of 224 and 616?
56
Calculate the greatest common factor of 5254 and 148.
74
What is the highest common factor of 51 and 255?
51
What is the highest common divisor of 36 and 11916?
36
Calculate the highest common divisor of 423 and 1504.
47
What is the highest common factor of 4 and 19?
1
Calculate the greatest common divisor of 952 and 221.
17
What is the greatest common divisor of 36 and 27?
9
What is the greatest common factor of 2896 and 2?
2
What is the greatest common factor of 126 and 294?
42
Calculate the highest common divisor of 600 and 24.
24
What is the greatest common divisor of 1326 and 12?
6
Calculate the highest common factor of 2134 and 66.
22
Calculate the greatest common factor of 18 and 1458.
18
Calculate the greatest common divisor of 290 and 10585.
145
What is the highest common divisor of 12550 and 50?
50
Calculate the greatest common divisor of 1860 and 651.
93
What is the greatest common factor of 52 and 156?
52
What is the greatest common factor of 16804 and 4?
4
What is the greatest common factor of 10 and 16720?
10
Calculate the greatest common factor of 475 and 76.
19
Calculate the highest common factor of 560 and 2135.
35
What is the greatest common factor of 141 and 94?
47
What is the highest common factor of 1491 and 42?
21
Calculate the highest common factor of 36 and 42.
6
Calculate the highest common divisor of 726 and 78.
6
Calculate the highest common factor of 279 and 62.
31
Calculate the highest common divisor of 13 and 104.
13
What is the highest common divisor of 56 and 128?
8
What is the greatest common divisor of 696 and 48?
24
Calculate the greatest common factor of 2106 and 18.
18
What is the greatest common factor of 174 and 6?
6
Calculate the highest common divisor of 7511 and 812.
203
Calculate the greatest common factor of 4598 and 66.
22
What is the highest common divisor of 994 and 426?
142
What is the greatest common factor of 26552 and 8?
8
What is the highest common divisor of 50 and 57550?
50
Calculate the greatest common divisor of 41 and 943.
41
What is the highest common divisor of 40 and 136?
8
What is the highest common factor of 517 and 121?
11
What is the highest common divisor of 7 and 49?
7
What is the greatest common factor of 22 and 143?
11
What is the highest common factor of 174 and 87?
87
What is the highest common divisor of 2125 and 45?
5
What is the greatest common factor of 7966 and 14?
14
What is the greatest common divisor of 10 and 515?
5
What is the greatest common factor of 899 and 31?
31
Calculate the highest common divisor of 9 and 2979.
9
What is the highest common factor of 504 and 5688?
72
Calculate the highest common divisor of 14932 and 4.
4
What is the highest common divisor of 3332 and 136?
68
Calculate the greatest common factor of 24 and 136.
8
What is the highest common factor of 717 and 3?
3
Calculate the highest common factor of 1162 and 560.
14
Calculate the greatest common divisor of 9211 and 1963.
151
What is the highest common divisor of 6187 and 23?
23
Calculate the highest common factor of 89 and 28836.
89
Calculate the greatest common factor of 83 and 11.
1
What is the greatest common factor of 24 and 4926?
6
What is the greatest common factor of 20 and 500?
20
Calculate